e
Does 5 divide 123412081?
False
Does 47 divide 146686011?
False
Is 235437405 a multiple of 55?
False
Is 66913501 a multiple of 99?
False
Is 20 a factor of 1683050808?
False
Does 196 divide 6421156?
True
Is 89 a factor of 6984542?
True
Is 33945744 a multiple of 42?
True
Does 1479 divide 2375123142?
True
Is 1273237147 a multiple of 344?
False
Is 57 a factor of 23309791?
False
Is 94041840 even?
True
Does 250 divide 12292750?
True
Does 22 divide 101183192?
True
Is 184 a factor of 14229143?
False
Is 6 a factor of 91951268?
False
Is 11205285 a multiple of 5?
True
Is 411358860 a multiple of 1122?
True
Is 219 a factor of 3064989096?
True
Does 5 divide 306820960?
True
Does 61 divide 119834256?
True
Is 147859524 a multiple of 1718?
False
Is 115295999 a multiple of 13?
True
Does 40 divide 605869581?
False
Is 40 a factor of 818269298?
False
Is 3423680 a multiple of 4115?
True
Does 309 divide 25906800?
False
Is 67767932 a multiple of 9?
False
Is 1212 a factor of 348699319?
False
Does 9 divide 364495239?
True
Is 5283428 a multiple of 13?
False
Is 119935599 a multiple of 1587?
False
Does 52 divide 112830640?
True
Is 697 a factor of 19368236?
True
Does 88 divide 48811204?
False
Does 77 divide 15346023?
True
Is 53 a factor of 691500169?
True
Is 83 a factor of 171894619?
False
Does 39 divide 1170753831?
True
Is 80 a factor of 10602400?
True
Does 256 divide 646831360?
True
Does 238 divide 33068910?
True
Is 1717211220 a multiple of 87?
True
Is 61 a factor of 4646309?
True
Does 2 divide 1612922?
True
Is 89523359 a multiple of 901?
False
Does 1112 divide 15097598?
False
Is 1377 a factor of 25755971?
False
Does 143 divide 287207778?
True
Does 63 divide 39661057?
False
Is 1961 a factor of 329834317?
True
Is 195687201 a multiple of 8?
False
Is 8753 a factor of 2256339587?
True
Is 91 a factor of 20374354?
True
Is 298 a factor of 25340347?
False
Does 34 divide 5653306?
False
Is 3 a factor of 1511139?
True
Is 34 a factor of 80400659?
False
Is 153 a factor of 294546114?
True
Is 90493612 even?
True
Does 10 divide 61642926?
False
Is 86950779 a multiple of 633?
True
Is 8854216 a multiple of 1204?
True
Is 15024474 a multiple of 54?
True
Is 482 a factor of 432900902?
False
Is 24 a factor of 1099715244?
False
Does 420 divide 983220?
True
Is 892584690 a multiple of 15?
True
Is 341067838 a multiple of 35?
False
Is 11492677 a multiple of 13?
False
Does 542 divide 102625964?
False
Is 12936582 a multiple of 5?
False
Is 467 a factor of 992697697?
True
Is 34 a factor of 42474015?
False
Does 5173 divide 55537328?
True
Is 5152 a factor of 233804533?
False
Does 2386 divide 50733518?
True
Is 10317691 a multiple of 17?
True
Does 629 divide 31908541?
True
Is 410191325 a multiple of 3058?
False
Does 7223 divide 390952098?
True
Does 14 divide 755380336?
False
Does 279 divide 26501417?
False
Does 102 divide 28635378?
True
Is 234771320 a multiple of 2164?
False
Is 1676 a factor of 423883864?
True
Is 84 a factor of 394465680?
True
Does 11 divide 50428917?
True
Is 12 a factor of 92043936?
True
Is 129093888 a multiple of 413?
True
Does 50 divide 66864656?
False
Does 5 divide 126035170?
True
Is 4 a factor of 10500670?
False
Is 14 a factor of 100322516?
True
Is 32337144 a multiple of 42?
True
Is 15594802 a multiple of 386?
False
Does 73 divide 212410377?
False
Is 18 a factor of 35975016?
True
Does 811 divide 84833235?
False
Is 55 a factor of 243598520?
True
Is 36 a factor of 809394?
False
Is 36 a factor of 25285752?
True
Is 559 a factor of 112750859?
True
Is 30 a factor of 173862960?
True
Does 35 divide 717650535?
True
Does 186 divide 1780240018?
False
Does 54 divide 70558992?
True
Is 4987 a factor of 2820175411?
False
Is 7887075 a multiple of 581?
True
Does 20 divide 1626466720?
True
Does 14 divide 99767297?
False
Is 191 a factor of 1590264048?
False
Is 117918870 a multiple of 410?
True
Is 158493223 a multiple of 819?
False
Does 44 divide 53609292?
True
Is 331427276 a multiple of 52?
False
Is 1165031802 a multiple of 1647?
True
Is 1190 a factor of 251726460?
False
Is 709249 a multiple of 48?
False
Does 34 divide 529265624?
True
Is 2385446 a multiple of 1228?
False
Is 18 a factor of 16013736?
True
Is 97259130 a multiple of 36?
False
Is 49090860 a multiple of 1134?
True
Is 72 a factor of 4174957?
False
Is 370 a factor of 722640?
False
Does 40 divide 1935987933?
False
Does 1270 divide 1276974986?
False
Is 14542990 a multiple of 7?
True
Is 742 a factor of 65553474?
True
Does 23 divide 8391481?
True
Is 112 a factor of 32864074?
False
Is 120394023 a multiple of 18?
False
Is 2509 a factor of 180637964?
True
Does 11 divide 154717388?
False
Is 1875 a factor of 10790625?
True
Is 445323424 a multiple of 112?
True
Does 4 divide 141248732?
True
Is 1960739424 a multiple of 56?
True
Does 547 divide 1167770994?
False
Does 7306 divide 663056853?
False
Is 309 a factor of 138246600?
True
Is 200058766 a multiple of 7168?
False
Is 876 a factor of 25431459?
False
Is 22071640 a multiple of 187?
False
Is 34906401 a multiple of 551?
True
Is 1035 a factor of 269508825?
True
Does 368 divide 2941424?
True
Is 17 a factor of 571033928?
False
Does 126 divide 400928976?
True
Is 112127325 a multiple of 25?
True
Is 5013986811 a multiple of 117?
False
Does 21 divide 66716895?
True
Is 216 a factor of 32441370?
False
Is 6963635 a multiple of 35?
True
Does 5 divide 12981301?
False
Is 250703582 a multiple of 43?
False
Does 45 divide 346856310?
True
Is 10 a factor of 18925880?
True
Is 30833815 a multiple of 459?
False
Does 13 divide 1438404032?
True
Is 3171 a factor of 1942198936?
False
Does 14 divide 57236214?
True
Does 1629 divide 1214805887?
False
Is 23 a factor of 56171175?
True
Is 142007265 a multiple of 311?
True
Does 7 divide 1255092?
False
Is 10533792 a multiple of 337?
False
Is 69098639 a multiple of 65?
False
Is 41 a factor of 361837587?
True
Is 152 a factor of 38424999?
False
Does 1411 divide 132955129?
False
Does 18 divide 37683853?
False
Does 204 divide 133194252?
True
Is 222460861 a multiple of 61?
False
Is 2 a factor of 53099184?
True
Is 5904575 a multiple of 20?
False
Is 4739 a factor of 271634741?
True
Is 198 a factor of 55237722?
False
Is 6 a factor of 983889810?
True
Is 436675791 a multiple of 21?
False
Does 21 divide 493184533?
False
Is 228089615 a multiple of 2089?
False
Is 96369260 a multiple of 13?
True
Does 8 divide 906464417?
False
Is 81 a factor of 978399?
True
Is 5 a factor of 562999940?
True
Is 1838 a factor of 1212197760?
True
Is 998 a factor of 314366686?
False
Does 85 divide 91165285?
False
Does 26 divide 90739221?
False
Is 37982235 a multiple of 95?
True
Does 25 divide 44686807?
False
Is 377832903 a multiple of 538?
False
Is 615 a factor of 8479620?
True
Does 1453 divide 2974532198?
True
Is 32248959 a multiple of 11?
False
Is 1988 a factor of 4006940685?
False
Is 10 a factor of 2597637890?
True
Is 345147145 a multiple of 606?
False
Is 1272786636 a multiple of 132?
True
Does 1413 divide 252066483?
True
Is 1530130149 a multiple of 83?
True
Is 81984505 a multiple of 308?
False
Does 256 divide 7866948?
False
Is 248 a factor of 1738692784?
True
Is 3598815 a multiple of 187?
True
Is 5 a factor of 37594165?
True
Is 620232365 a multiple of 143?
False
Is 6104401 a multiple of 48?
False
Is 32667492 a multiple of 143?
True
Does 32 divide 521633664?
True
Is 245 a factor of 1422317482?
False
Is 152 a factor of 55468448?
True
Does 922 divide 25492378?
True
Is 75 a factor of 48455625?
True
Does 47 divide 149927744?
True
Is 597 a factor of 8833354?
False
Does 1790 divide 219770830?
True
Does 455 divide 766189515?
True
Does 112 divide 6369440?
True
Does 613 divide 297818683?
False
Is 4676 a factor of 153595379?
False
Is 24 a factor of 26810509?
False
Is 37133476 a multiple of 50?
False
Does 257 divide 67596527?
False
Does 4 divide 256753121?
False
Does 552 divide 51837216?
True
Is 540202824 a multiple of 1708?
True
Is 850 a factor of 45509850?
True
Is 332490075 a multiple of 35?
False
Is 8 a factor of 373652360?
True
Is 470418624 a multiple of 1161?
True
Is 514928835 a multiple of 13?
False
Is 1474 a factor of 370091920?
True
Is 6860805 a multiple of 580?
False
Is 275395955 a multiple of 66?
False
Is 105 a factor of 9154740?
True
Does 223 divide 90841503?
True
Is 113 a factor of 1673860186?
True
Is 35199118 a multipl